culate the remainder when m(5) is divided by g.
13
Let t = 17945 - 10565. What is the remainder when (-13)/((-624)/t) + 3/(-4) is divided by 6?
3
Suppose 4*n = 4*o + 172, -4*o = n - 38 - 5. Suppose 5*j - 118 = -3*v, j + 3 = -v + n. Let w = v + -23. What is the remainder when 50 is divided by w?
14
Let w(s) = -s**3 + 6*s**2 - 3*s. Let z be w(4). Suppose 2*d = -3*d + z. Suppose -m = -2*m + d. Calculate the remainder when 13 is divided by m.
1
Calculate the remainder when 3711 is divided by 84/28*(3 - 10/15).
1
Suppose -4*z = -5*v + 6589, 2*z + 383 = 391. What is the remainder when 3988 is divided by v?
25
Let v = -356 - -358. Suppose 0*i - 2*i + v*h + 58 = 0, -5*h = 2*i - 44. Calculate the remainder when 100 is divided by i.
19
Let m be 64/(-24)*(-6)/(-4). Let s = -667 + 668. What is the remainder when 35 is divided by s + (-88)/m*2/4?
11
Suppose 0 = -6*u + 23*u - 3553. Let g = -207 + u. Calculate the remainder when 33 is divided by g.
1
Calculate the remainder when 544 is divided by ((-26)/4 + 7)*1*6.
1
Let o = 3706 + -3528. What is the remainder when 386 is divided by o?
30
Let r(g) = -g**3 - 16*g**2 - 14*g - 33. Let c be r(-15). Let n = -39 - c. Suppose -6*j = -163 - 155. Calculate the remainder when j is divided by n.
8
Let y be 392/(3 - 7)*(3 + -4). Let x = y + -79. Let n = 104 + -49. What is the remainder when n is divided by x?
17
Let r(q) = 77*q**3 - 4*q**2 + 5*q. Let p be r(1). Suppose -j + 136 = -p. What is the remainder when j is divided by 44?
38
What is the remainder when 608 is divided by (128/88)/(-8) - (-2 + (-2832)/88)?
30
Suppose 29*x - 4*r + r = 4887, -519 = -3*x + 3*r. What is the remainder when 566 is divided by x?
62
Suppose -100*y + 34400 = -108*y. What is the remainder when 115 is divided by (2 + 21/(-12))/((-25)/y)?
29
Let r(c) be the first derivative of -c**4/2 - 4*c**3/3 + 3*c**2 + 20*c + 39. What is the remainder when 235 is divided by r(-4)?
55
Let b = 14 - 4. Let h(c) = -c**2 - 8*c - 2. Let y be h(-7). Suppose -y*q - 9 = 16, 0 = -4*k + 2*q + 122. What is the remainder when k is divided by b?
8
Let v(q) = 108*q - 4192. What is the remainder when 1973 is divided by v(39)?
13
Let l be (-6 + 6)/(-6) - 92/2. Let k = 77 + l. Suppose -360 = -4*b + 5*a, 2*a + 450 = 5*b + 3*a. Calculate the remainder when b is divided by k.
28
Suppose 3*r - 132 = 4*r. Let u = 14 - r. Suppose -a + 245 = 4*a. What is the remainder when u is divided by a?
48
Let n(d) = -2*d**2 + 42*d - 172. What is the remainder when 1118 is divided by n(6)?
6
Let i be (-3017)/13 - (-94)/1222. Let n = -212 - i. What is the remainder when 96 is divided by n?
16
Let i(a) = -1. Let f(t) = t + 8. Let r(c) = -f(c) + i(c). Let y be r(-5). Calculate the remainder when (-2)/y*-1 - (-459)/6 is divided by 11.
10
Let d be 393/(-18) + 9/(-54). Let n = -13 - d. What is the remainder when ((-63)/18 - -2)/((-3)/70) is divided by n?
8
Let j(c) = c**3 - 37*c**2 - 76*c + 109. Calculate the remainder when j(39) is divided by 56.
19
Let x = 1537 + -1456. What is the remainder when 1453 is divided by x?
76
Let h = -8325 - -9333. What is the remainder when h is divided by 35?
28
Suppose -2*s = -32*f + 33*f - 51, -5*f + 246 = s. Calculate the remainder when 522 is divided by f.
32
Let w be 1/(-3) - (-784)/48. Suppose -5*y + 104 = -2*v, -4*y + 30 = 2*v - 46. Let f = w + y. Calculate the remainder when 142 is divided by f.
34
Let f(q) = 8*q**3 + q**2. Let i(l) = 2*l**3 + 464*l**2 + 492*l + 6934. Calculate the remainder when f(1) is divided by i(-231).
1
Let q(c) = c**2 - 38*c - 45. Let v be q(13). Let h = v - -501. What is the remainder when h is divided by 33?
32
What is the remainder when (1/(-3))/(3 - 25472/8490) is divided by 287?
267
Let j = -154 - -251. Calculate the remainder when -6 - 0 - (-2 - j)*4 is divided by 66.
60
What is the remainder when (6755/210)/(2/72) is divided by 40?
38
Let q = 3394 - -681. Calculate the remainder when q is divided by 27.
25
Let x(y) = 1033*y**2 + 3*y + 2. Let l be x(-1). Suppose 679 = 29*w - l. What is the remainder when 116 is divided by w?
57
Suppose -3*h = 2*h + 3*z + 328, h + 80 = 3*z. Let a = 78 + h. Let f(d) = d**3 + 4*d**2 - 6*d - 9. Calculate the remainder when f(-3) is divided by a.
8
Suppose -90591*m + 8075 = -90566*m. What is the remainder when m is divided by 265?
58
Suppose -h = 66 - 42. Let a = h - -29. Suppose -g + 8 = 2*g - 4*i, -a*g + 16 = -4*i. Calculate the remainder when 4 is divided by g.
0
Let l be (-2*1)/((-4)/(-14)). Let o(n) = -16*n + 161. Let g be o(10). Calculate the remainder when 1 is divided by (l/14)/(g/(-2)).
0
Let d = 21460 - 21416. What is the remainder when 98 is divided by d?
10
Let t = -763 + 819. Calculate the remainder when 391 is divided by t.
55
Let u(r) = 2*r**3 + 27*r**2 + 32*r + 2. Let g be u(-11). Suppose 2*p + 3 + 289 = 0. Let h = g + p. What is the remainder when h is divided by 38?
33
Let f(j) = -60*j + 28. Let o(w) = 2*w**2 - 20*w - 14. Let d be o(11). Let a be f(d). Calculate the remainder when (3 + 0)*3*a/(-36) is divided by 29.
26
What is the remainder when 175 is divided by (2256/(-32))/((-1)/((-12)/(-18)))?
34
Let f = 977 - 965. Calculate the remainder when 95 is divided by f.
11
Let j = 343 + -351. Let k(x) = -x**3 - 3*x**2 - 29*x - 177. What is the remainder when k(j) is divided by 54?
51
Suppose -2*n - 16 = -44. Let c be -4*(-5)/(-10) + 2. Suppose -2*q = 5*z - 199, 2*q + c*q + 113 = 3*z. What is the remainder when z is divided by n?
11
Let o(q) = -3*q + 16. Suppose 30 = -3*n - 2*n. Let r(m) = -m**2 - 11*m - 1. Calculate the remainder when r(n) is divided by o(0).
13
Calculate the remainder when 551 is divided by -2 - 248/(-18) - (1280/(-90) - -14).
11
Let v(o) = -6*o - 1. Let r be v(2). Let u(d) = 181*d - 1257. Calculate the remainder when -3 + 4 - (r - 2) is divided by u(7).
6
Suppose -396 = -10*l - 4116. Let u = l - -518. What is the remainder when u is divided by 28?
6
What is the remainder when 1483 is divided by 107*(1/4 - 728/(-416))?
199
Let h(b) = 3*b**2 - 78*b - 1955. Calculate the remainder when h(59) is divided by 970.
6
Let r(t) be the third derivative of t**5/30 + t**4/8 - t**3/3 - 35*t**2. What is the remainder when 122 is divided by r(-4)?
14
Suppose 30*i + 613 = -497. Let b = i + 83. Calculate the remainder when b is divided by 16.
14
Let c(r) = 6*r - 17. Let n be c(6). Suppose n*h = -218 + 731. Calculate the remainder when 107 is divided by h.
26
Suppose 21*f + 36 = 1401. Let v be 21/42 + (-3)/(-2). Suppose 0 = -v*u - 2*x + 34, 0 = 2*u + 5*x + 2 - 21. Calculate the remainder when f is divided by u.
21
Let n = 4 - 5. Let o be ((-1)/n)/(19/38). Suppose y = -o*i - 3*y + 30, -5*i + 3*y = -23. What is the remainder when i is divided by 6?
1
Suppose 2*s - 17 = -13. Let c be (23 - 127)*s/4. Let m = -40 - c. Calculate the remainder when 35 is divided by m.
11
Let n(i) = -5*i. Calculate the remainder when -3*(2/(-5)*1295/111 - 3) is divided by n(-2).
3
Suppose -k = 5*i - 1147, 29*i - 2*k - 926 = 25*i. What is the remainder when i is divided by 10?
0
Let l be 1*(0 - 0 - -79). Let b = -139 - l. Let c = 306 + b. What is the remainder when c is divided by 18?
16
Let r be (-6)/(-27) - (-356)/18. Let c = 49 - r. Let q(s) = s + 1. What is the remainder when c is divided by q(5)?
5
Suppose -5*r - 5*l + 77 = 12, -4*r + 2*l = -34. Let n(b) = -207*b + 338. Let x be n(-3). Suppose 16*c - 23*c = -x. What is the remainder when c is divided by r?
7
Suppose -g + 5 + 42 = 0. Suppose 5*q - 43 = -2*u, 3*q = -2*q + 2*u + g. Let v(y) = 12*y - 4. Calculate the remainder when v(2) is divided by q.
2
Suppose -v = -5*v - 3*f + 10194, -10192 = -4*v - 2*f. What is the remainder when v is divided by 75?
72
Suppose 16*w - 9*w = 14. Let i be 0*3/12*(w - 3). Calculate the remainder when 56 is divided by 5 + 29 + (-5 - i).
27
Let y = -78 - -99. Let m(p) = 6*p**2 + p - 1. Let v be m(1). Suppose 210 = 4*c + 3*z, -2*c - 2*z + v + 98 = 0. Calculate the remainder when c is divided by y.
12
Let i = 73 - 27. Suppose 7*t + 2*l = 11*t - 736, 3*l + 372 = 2*t. What is the remainder when t is divided by i?
45
Let i(s) = -4*s + 9. Let w(z) = -z**3 - 9*z**2 + 24*z + 20. Let m be w(-11). Let p = 16 - -46. What is the remainder when p is divided by i(m)?
11
Suppose -9 = -2*j + n, -54 = -5*j - 4*n - 12. Suppose -2 = -i + j. 